{"id":8322,"date":"2026-04-22T20:22:19","date_gmt":"2026-04-22T20:22:19","guid":{"rendered":"https:\/\/achtsam-gelassen.at\/?post_type=product&#038;p=8322"},"modified":"2026-04-22T20:30:53","modified_gmt":"2026-04-22T20:30:53","slug":"10er-begleitung-nachhaltige-veraenderung","status":"publish","type":"product","link":"https:\/\/achtsam-gelassen.at\/index.php\/produkt\/10er-begleitung-nachhaltige-veraenderung\/","title":{"rendered":"10er Begleitung \u2013 nachhaltige Ver\u00e4nderung"},"content":{"rendered":"<p>F\u00fcr dich, wenn du tiefer gehen m\u00f6chtest.<br \/>\n\u2013 innere Sicherheit aufbauen<br \/>\n\u2013 alte Muster ver\u00e4ndern<br \/>\n\u2013 Vertrauen in dich und deinen K\u00f6rper st\u00e4rken<br \/>\n\u2013 langfristige Stabilit\u00e4t entwickeln<\/p>\n","protected":false},"excerpt":{"rendered":"<p>F\u00fcr dich, wenn du tiefer gehen m\u00f6chtest.<br \/>\n\u2013 innere Sicherheit aufbauen<br \/>\n\u2013 alte Muster ver\u00e4ndern<br \/>\n\u2013 Vertrauen in dich und deinen K\u00f6rper st\u00e4rken<br \/>\n\u2013 langfristige Stabilit\u00e4t entwickeln<\/p>\n","protected":false},"featured_media":8326,"template":"","meta":[],"product_brand":[],"product_cat":[49],"product_tag":[],"class_list":{"0":"post-8322","1":"product","2":"type-product","3":"status-publish","4":"has-post-thumbnail","6":"product_cat-gruppenmeditation","8":"first","9":"instock","10":"taxable","11":"shipping-taxable","12":"purchasable","13":"product-type-simple"},"_links":{"self":[{"href":"https:\/\/achtsam-gelassen.at\/index.php\/wp-json\/wp\/v2\/product\/8322","targetHints":{"allow":["GET"]}}],"collection":[{"href":"https:\/\/achtsam-gelassen.at\/index.php\/wp-json\/wp\/v2\/product"}],"about":[{"href":"https:\/\/achtsam-gelassen.at\/index.php\/wp-json\/wp\/v2\/types\/product"}],"wp:featuredmedia":[{"embeddable":true,"href":"https:\/\/achtsam-gelassen.at\/index.php\/wp-json\/wp\/v2\/media\/8326"}],"wp:attachment":[{"href":"https:\/\/achtsam-gelassen.at\/index.php\/wp-json\/wp\/v2\/media?parent=8322"}],"wp:term":[{"taxonomy":"product_brand","embeddable":true,"href":"https:\/\/achtsam-gelassen.at\/index.php\/wp-json\/wp\/v2\/product_brand?post=8322"},{"taxonomy":"product_cat","embeddable":true,"href":"https:\/\/achtsam-gelassen.at\/index.php\/wp-json\/wp\/v2\/product_cat?post=8322"},{"taxonomy":"product_tag","embeddable":true,"href":"https:\/\/achtsam-gelassen.at\/index.php\/wp-json\/wp\/v2\/product_tag?post=8322"}],"curies":[{"name":"wp","href":"https:\/\/api.w.org\/{rel}","templated":true}]}}